{"id":75,"date":"2018-01-08T09:28:40","date_gmt":"2018-01-08T09:28:40","guid":{"rendered":"http:\/\/zemedabatauta.lu.lv\/?page_id=75"},"modified":"2018-01-31T15:12:52","modified_gmt":"2018-01-31T15:12:52","slug":"saturs","status":"publish","type":"page","link":"https:\/\/zemedabatauta.lu.lv\/index.php\/saturs\/","title":{"rendered":"Saturs"},"content":{"rendered":"<p>&nbsp;<\/p>\n<h3><a href=\"http:\/\/zemedabatauta.lu.lv\/index.php\/ievads\/\"><span style=\"color: #993300;\">IEVADS<\/span><\/a><\/h3>\n<h3><span style=\"color: #993300;\">I LATVIJAS TERITORIJA<\/span><\/h3>\n<p>1. Valsts teritorija<br \/>\n2. Valsts teritori\u0101l\u0101 organiz\u0101cija<\/p>\n<p style=\"padding-left: 25px;\">2.1. Telpisk\u0101s vien\u012bbas un to loma<br \/>\n2.2. Administrat\u012bv\u0101 sist\u0113ma<br \/>\n2.3. Latvijas teritorijas<\/p>\n<p>3. Valsts administrat\u012bvi teritori\u0101l\u0101 iedal\u012bjuma v\u0113sture<br \/>\n4. Latvijas administrat\u012bv\u0101s p\u0101rvald\u012bbas teritorijas p\u0113c neatkar\u012bbas atjauno\u0161anas<br \/>\n5. P\u0101rvaldes un att\u012bst\u012bbas teritorijas<\/p>\n<p style=\"padding-left: 25px;\">5.1. Pl\u0101no\u0161anas re\u0123ionu teritorijas<br \/>\n5.2. Statistikas re\u0123ioni<br \/>\n5.3. Administrat\u012bv\u0101 statusa noteiktie re\u0123ioni<br \/>\n5.4. V\u0113l\u0113\u0161anu apgabali<br \/>\n5.5. Tiesu apgabali<br \/>\n5.6. Sektoru p\u0101rvaldes teritorijas<\/p>\n<p>6. Re\u0123ion\u0101l\u0101s politikas m\u0113r\u0137teritorijas<br \/>\n6.1. Baltijas j\u016bras un R\u012bgas l\u012b\u010da piekraste<br \/>\n6.2. Pierobe\u017ea<\/p>\n<h3><span style=\"color: #993300;\">II \u0122EOLO\u0122ISK\u0100 VIDE UN RESURSI<\/span><\/h3>\n<p>1. \u0122eolo\u0123iskais novietojums, att\u012bst\u012bbas v\u0113sture un virsmas hipsometrija<br \/>\n2. Pirmskembrija pamatklint\u0101js un t\u0101 uzb\u016bve<\/p>\n<p style=\"padding-left: 25px;\">2.1. Pamatklint\u0101ja ie\u017eu vecums<br \/>\n2.2. Pamatklint\u0101ja blokveida uzb\u016bve<br \/>\n2.3. Pamatklint\u0101ja dzi\u013c\u0101ko sl\u0101\u0146u \u0123eolo\u0123isk\u0101 uzb\u016bve<\/p>\n<p>3. Pirmskvart\u0101ra nogulumie\u017ei un platformsegas uzb\u016bve<\/p>\n<p style=\"padding-left: 25px;\">3.1. Nogulumie\u017eu segas stratigr\u0101fiskais iedal\u012bjums, uzb\u016bve, sast\u0101vs un re\u0123ion\u0101l\u0101s at\u0161\u0137ir\u012bbas<br \/>\n3.2. Platformsegas strukt\u016bras<\/p>\n<p>4. Kvart\u0101ra nogulumi<\/p>\n<p style=\"padding-left: 25px;\">4.1. Pleistoc\u0113na nogulumu stratigr\u0101fija un uzb\u016bve<br \/>\n4.2. P\u0113d\u0113j\u0101 apledojuma beigu posms un t\u0101 nogulumi<br \/>\n4.3. Holoc\u0113na hronostratigr\u0101fija un nogulumi<\/p>\n<p>5. Reljefs<\/p>\n<p style=\"padding-left: 25px;\">5.1. Pamatklint\u0101ja paleovirsma un tektonisk\u0101s strukt\u016bras<br \/>\n5.2. Zemkvart\u0101ra virsma<br \/>\n5.3. M\u016bsdienu zemes virsma<br \/>\n5.3.1. Zemes virsmas lielformas<br \/>\n5.3.2. Glaci\u0101l\u0101s reljefa vid\u0113jformas<br \/>\n5.3.3. Lok\u0101lo pieled\u0101ja sprostezeru un Baltijas j\u016bras stadiju krasta veidojumi<br \/>\n5.3.4. Iek\u0161zemes k\u0101pas<br \/>\n5.3.5. Upju ieleju sist\u0113mas un noz\u012bm\u012bg\u0101k\u0101s upju ielejas<br \/>\n5.3.6. Nog\u0101\u017eu procesi un gravas<br \/>\n5.3.7. Baltijas j\u016bras m\u016bsdienu krasta procesi<br \/>\n5.3.8. Karsta un sufozijas veidojumi<\/p>\n<p>6. \u0122eolo\u0123isk\u0101s att\u012bst\u012bbas v\u0113sture<\/p>\n<p style=\"padding-left: 25px;\">6.1. Latvija un litosf\u0113ras pl\u0101t\u0146u tektonika<br \/>\n6.2. Ediakara un kembrija klastisk\u0101s sediment\u0101cijas baseini<br \/>\n6.3. Ordovika un sil\u016bra karbon\u0101tu sediment\u0101cijas baseini<br \/>\n6.4. Devona un karbona sediment\u0101cijas baseini<br \/>\n6.5. Sediment\u0101cijas vide perm\u0101, trias\u0101 un jur\u0101<br \/>\n6.6. Sen\u0101s dz\u012bv\u012bbas formas pirmskvart\u0101r\u0101<br \/>\n6.6.1. Paleontolo\u0123iskie p\u0113t\u012bjumi un fosiliju kompleksu nomai\u0146a<br \/>\n6.6.2. Noz\u012bm\u012bg\u0101k\u0101s fosiliju grupas<br \/>\n6.7. Vides apst\u0101k\u013cu izmai\u0146as kvart\u0101r\u0101<br \/>\n6.7.1. Dabas apst\u0101k\u013ci pleistoc\u0113n\u0101<br \/>\n6.7.2. Dabas apst\u0101k\u013ci holoc\u0113n\u0101<br \/>\n6.8. P\u0113d\u0113j\u0101 apledojuma deglaci\u0101cija un reljefa att\u012bst\u012bba<br \/>\n6.9. Neotektonika un seismisk\u0101s par\u0101d\u012bbas<br \/>\n6.10. Baltijas j\u016bras att\u012bst\u012bba p\u0113d\u0113j\u0101 leduslaikmeta beigu posm\u0101 un holoc\u0113n\u0101<br \/>\n6.11. Ezerdobes un to att\u012bst\u012bba<br \/>\n6.12. Purvu veido\u0161an\u0101s un att\u012bst\u012bba<\/p>\n<p>7. Zemes dz\u012b\u013cu resursi un dabas pieminek\u013ci<\/p>\n<p style=\"padding-left: 25px;\">7.1. \u0122eolo\u0123isk\u0101s vides daudzveid\u012bba<br \/>\n7.2. \u0122eolo\u0123iskie un \u0123eomorfolo\u0123iskie dabas pieminek\u013ci<br \/>\n7.3. Der\u012bgie izrakte\u0146i un zemes dz\u012b\u013cu nogabali<br \/>\n7.3.1. Latvijas der\u012bgo izrakte\u0146u izmanto\u0161anas v\u0113sture<br \/>\n7.3.2. Praktiski noz\u012bm\u012bgie der\u012bgie izrakte\u0146i<br \/>\n3.7.4. Mazizplat\u012btie un problem\u0101tiskie der\u012bgie izrakte\u0146i<br \/>\n7.4. Pazemes \u016bde\u0146i<br \/>\n7.4.1. Pazemes \u016bde\u0146u veido\u0161an\u0101s un izplat\u012bba<br \/>\n7.4.2. Pazemes \u016bde\u0146u \u0137\u012bmiskais sast\u0101vs<br \/>\n7.4.3. Pazemes \u016bde\u0146u resursi un ieguve<br \/>\n7.4.4. \u0122eoterm\u0101lie resursi<br \/>\n7.4.5. Pazemes \u016bde\u0146u dabisk\u0101 aizsarg\u0101t\u012bba, aizsardz\u012bba, pies\u0101r\u0146ojums<\/p>\n<h3><span style=\"color: #993300;\"><a href=\"http:\/\/zemedabatauta.lu.lv\/wp-content\/uploads\/2018\/01\/Atmosfera.pdf\" target=\"_blank\" rel=\"noopener\"><span style=\"color: #993300;\">III ATMOSF\u0112RA<\/span><\/a><\/span><\/h3>\n<p>1. Latvijas klimata p\u0113t\u012bjumu att\u012bst\u012bba<br \/>\n2. Galvenie klimatu noteico\u0161ie procesi un faktori<\/p>\n<p style=\"padding-left: 25px;\">2.1. Saules radi\u0101cija<br \/>\n2.2. Atmosf\u0113ras cirkul\u0101cija un gaisa masas<br \/>\n2.3. Reljefa un Baltijas j\u016bras ietekme uz klimatiskajiem apst\u0101k\u013ciem<\/p>\n<p>3. Klimatisko r\u0101d\u012bt\u0101ju re\u0123ion\u0101l\u0101s at\u0161\u0137ir\u012bbas<\/p>\n<p style=\"padding-left: 25px;\">3.1. Temperat\u016bras re\u017e\u012bms<br \/>\n3.2. Nokri\u0161\u0146u re\u017e\u012bms<br \/>\n3.3. Saules sp\u012bd\u0113\u0161anas ilgums un m\u0101ko\u0146ainums<br \/>\n3.4. Sniega sega<br \/>\n3.5. Atmosf\u0113ras spiediens un v\u0113j\u0161<br \/>\n3.6. Augsnes temperat\u016bras re\u017e\u012bms<\/p>\n<p>4. Klimatisko sezonu raksturojums<\/p>\n<p style=\"padding-left: 25px;\">4.1. Ziema<br \/>\n4.2. Pavasaris<br \/>\n4.3. Vasara<br \/>\n4.4. Rudens<\/p>\n<p>5. Ve\u0123et\u0101cijas periods un aug\u0161anas sezona<br \/>\n6. Fenolo\u0123isko par\u0101d\u012bbu raksturs un izmai\u0146u tendences<br \/>\n7. Urb\u0101nais klimats<br \/>\n8. Ekstrem\u0101l\u0101s un b\u012bstam\u0101s atmosf\u0113ras par\u0101d\u012bbas<br \/>\n9. Klimatiskie resursi<br \/>\n10. Adapt\u0101cija klimata p\u0101rmai\u0146\u0101m<br \/>\n11. Atmosf\u0113ras gaisa kvalit\u0101te un to ietekm\u0113jo\u0161ie faktori<\/p>\n<h3><span style=\"color: #993300;\">IV VIRSZEMES \u016aDE\u0145I<\/span><\/h3>\n<p>1. Iek\u0161\u0113jo virszemes \u016bde\u0146u p\u0113t\u012bjumi un hidrolo\u0123iskais monitorings<br \/>\n2. Upes<\/p>\n<p style=\"padding-left: 25px;\">2.1. Visp\u0101r\u012bgs raksturojums<br \/>\n2.2. Noteces re\u017e\u012bms<br \/>\n2.3. Termiskais re\u017e\u012bms<br \/>\n2.4. Ledus re\u017e\u012bms<br \/>\n2.5. Pl\u016bdi un appl\u016bsto\u0161\u0101s teritorijas<br \/>\n2.6. Latvijas lielo upju raksturojums<\/p>\n<p>3. Ezeri<\/p>\n<p style=\"padding-left: 25px;\">3.1. Visp\u0101r\u012bgs raksturojums<br \/>\n3.2. \u016adens l\u012bme\u0146a re\u017e\u012bms<br \/>\n3.3. Termiskais re\u017e\u012bms<br \/>\n3.4. Ledus re\u017e\u012bms<br \/>\n3.5. Latvijas liel\u0101ko ezeru raksturojums<\/p>\n<p>4. \u016adenskr\u0101tuves<br \/>\n5. \u016adens vides kvalit\u0101te un to ietekm\u0113jo\u0161ie faktori<br \/>\n6. Iek\u0161\u0113jo virszemes \u016bde\u0146u saimniecisk\u0101 izmanto\u0161ana un apsaimnieko\u0161ana<br \/>\n7. Baltijas j\u016bra<\/p>\n<p style=\"padding-left: 25px;\">7.1. Baltijas j\u016bras visp\u0101r\u0113js apraksts<br \/>\n7.2. \u016adens straumes<br \/>\n7.3. Vi\u013c\u0146i<br \/>\n7.4. \u016adens s\u0101\u013cums<br \/>\n7.5. \u016adens temperat\u016bra<br \/>\n7.6.\u202fVides pies\u0101r\u0146ojums<br \/>\n7.7.\u202fBaltijas j\u016bras noz\u012bme cilv\u0113ku dz\u012bv\u0113<\/p>\n<h3><span style=\"color: #993300;\">V DZ\u012aV\u012aBAS SF\u0112RA<\/span><\/h3>\n<p>1. Augsnes sega<\/p>\n<p style=\"padding-left: 25px;\">1.1. Augsnes izp\u0113tes v\u0113sture<br \/>\n1.2. Latvijas augsnes Eiropas un pasaules aug\u0161\u0146u kontekst\u0101<br \/>\n1.3. Augsnes segas daudzveid\u012bbu ietekm\u0113jo\u0161ie faktori<br \/>\n1.4. Latvijas augsnes segas raksturojums<br \/>\n1.5. Latvijas aug\u0161\u0146u fizik\u0101l\u0101s un \u0137\u012bmisk\u0101s \u012bpa\u0161\u012bbas<br \/>\n1.6. Latvijas aug\u0161\u0146u ekolo\u0123ija<br \/>\n1.7. Augsne k\u0101 vides resurss<br \/>\n1.8. Augsnes aizsardz\u012bbas aktu\u0101l\u0101s probl\u0113mas<\/p>\n<p>2. Biota<\/p>\n<p style=\"padding-left: 25px;\">2.1. Biotas izp\u0113tes v\u0113sture Latvij\u0101<br \/>\n2.2. Bio\u0123eogr\u0101fiskais iedal\u012bjums<br \/>\n2.3. Sugu daudzveid\u012bba<br \/>\n2.4. Ve\u0123et\u0101cija un ekosist\u0113mu veidi<br \/>\n2.5. Sald\u016bde\u0146i<br \/>\n2.6. Piej\u016bra un virs\u0101ji<br \/>\n2.7. Purvi un avoti<br \/>\n2.8. Ie\u017eu atsegumi un alas<br \/>\n2.9. Dabiskie z\u0101l\u0101ji un me\u017emalas<br \/>\n2.10. Me\u017ei un kr\u016bm\u0101ji<br \/>\n2.11. Antropog\u0113n\u0101s ekosist\u0113mas<br \/>\n2.12. Biotas main\u012bba holoc\u0113n\u0101<br \/>\n2.13. Biotas main\u012bbas m\u016bsdienu procesi<\/p>\n<p>3. Baltijas j\u016bras biota<\/p>\n<p style=\"padding-left: 25px;\">3.1.\u202fBiolo\u0123isk\u0101 daudzveid\u012bba<br \/>\n3.2. Sve\u0161zemju sugas Baltijas j\u016br\u0101 un R\u012bgas l\u012bc\u012b<\/p>\n<p>4. Latvijas ekosist\u0113mu pakalpojumi un to nov\u0113rt\u0113\u0161ana<\/p>\n<p style=\"padding-left: 25px;\">4.1. Ekosist\u0113mu pakalpojumu koncepts un t\u0101 att\u012bst\u012bbas v\u0113sture<br \/>\n4.2. Ekosist\u0113mu pakalpojumu klasifik\u0101cija<br \/>\n4.3. Ekosist\u0113mu pakalpojumu nov\u0113rt\u0113\u0161anas pieejas<br \/>\n4.4. Latvijas ekosist\u0113mu pakalpojumu nov\u0113rt\u0113\u0161anas piem\u0113ri<\/p>\n<h3><span style=\"color: #993300;\">VI IEDZ\u012aVOT\u0100JI UN APDZ\u012aVOJUMS<\/span><\/h3>\n<p>1. Iedz\u012bvot\u0101ju skaita dinamika, strukt\u016bra un to ietekm\u0113jo\u0161ie faktori<\/p>\n<p style=\"padding-left: 25px;\">1.1. Latvijas demogr\u0101fisk\u0101 att\u012bst\u012bba<br \/>\n1.2. Iedz\u012bvot\u0101ju izvietojuma un skaita izmai\u0146u \u012bpatn\u012bbas<br \/>\n1.3. Iedz\u012bvot\u0101ju migr\u0101cija un \u0123eogr\u0101fisk\u0101 mobilit\u0101te<br \/>\n1.4. Soci\u0101li demogr\u0101fisk\u0101 strukt\u016bra<\/p>\n<p>2. Apdz\u012bvojums un t\u0101 p\u0101rmai\u0146as<\/p>\n<p style=\"padding-left: 25px;\">2.1. Latvijas apdz\u012bvojuma sist\u0113mas att\u012bst\u012bba<br \/>\n2.3. Pils\u0113tu un lauku mijiedarb\u012bba<br \/>\n2.3. R\u012bgas noz\u012bme Latvijas apdz\u012bvojum\u0101<\/p>\n<h3><span style=\"color: #993300;\">VII SAIMNIEC\u012aBAS \u0122EOGR\u0100FIJA UN LATVIJAS VIETA PASAUL\u0112<\/span><\/h3>\n<p>1. Tautsaimniec\u012bbas att\u012bst\u012bba<br \/>\n2. Tradicion\u0101l\u0101s tautsaimniec\u012bbas nozares<\/p>\n<p style=\"padding-left: 25px;\">2.1. Lauksaimniec\u012bba, me\u017esaimniec\u012bba un \u0161o nozaru r\u016bpniec\u012bba<br \/>\n2.2. Ieguves un apstr\u0101des r\u016bpniec\u012bba<br \/>\n2.3. Ener\u0123\u0113tika<br \/>\n2.4. Pakalpojumu sf\u0113ras nozares<br \/>\n2.6. Transporta \u0123eogr\u0101fija<br \/>\n2.7. Sakaru \u0123eogr\u0101fija un digit\u0101l\u0101 ekonomika<\/p>\n<p>3. Latvijas vieta Eiropas Savien\u012bbas un pasaules starptautiskaj\u0101 darba dal\u012b\u0161an\u0101<\/p>\n<h3><span style=\"color: #993300;\">VIII AINAVAS<\/span><\/h3>\n<p>1. Ainavu p\u0113t\u012bjumu att\u012bst\u012bba Latvij\u0101<br \/>\n2. Latvijas dabas un ainavu kart\u0113\u0161ana un rajon\u0113\u0161ana<br \/>\n3. Latvijas ainavzemes un ainavapvidi<br \/>\n4. Zemes izmanto\u0161anas izmai\u0146as un ainavekolo\u0123iskais v\u0113rt\u0113jums<\/p>\n<p style=\"padding-left: 25px;\">4.1. Zemes izmanto\u0161anas v\u0113sturisks apskats<br \/>\n4.2. Ainavekolo\u0123isks v\u0113rt\u0113jums zemes izmanto\u0161anai 21. gadsimt\u0101<\/p>\n<p>5. Latvijas kult\u016brainava: laika sl\u0101\u0146i, mantojums un re\u0123ion\u0101li teritori\u0101lais iedal\u012bjums<\/p>\n<p style=\"padding-left: 25px;\">5.1. Laika sl\u0101\u0146i ainav\u0101<br \/>\n5.1.1. Mui\u017eu laiku ainavas<br \/>\n5.1.2. N\u0101cijvalsts ainavas. Agr\u0101r\u0101 reforma un viens\u0113tu agroainavas veido\u0161an\u0101s<br \/>\n5.1.3. Padomju perioda ainavas. Kolektiviz\u0101cija un lauku industrializ\u0101cija<br \/>\n5.1.4. Atg\u016bt\u0101s valstisk\u0101s neatkar\u012bbas ainavas. \u012apa\u0161umu denacionaliz\u0101cija un Eiropas Savien\u012bbas periods<br \/>\n5.2. Kult\u016brainavas mantojums<br \/>\n5.3. Kult\u016brainavu re\u0123ioni<\/p>\n<h3><span style=\"color: #993300;\">IX DABAS DAUDZVEID\u012aBA UN KULT\u016aRV\u0112STURISK\u0100S V\u0112RT\u012aBAS<br \/>\n<\/span><\/h3>\n<p>1.\u202f\u202fDabas aizsardz\u012bba<\/p>\n<p style=\"padding-left: 25px;\">1.1.\u202f\u202fDabas aizsardz\u012bbas v\u0113sture Latvij\u0101<br \/>\n1.2.\u202f\u202fDabas daudzveid\u012bba Latvij\u0101 Eiropas Savien\u012bbas kontekst\u0101<br \/>\n1.3.\u202f\u202fLatvija k\u0101 starpvalstu l\u012bgumu un konvenciju dal\u012bbvalsts<br \/>\n1.4.\u202f\u202fDabas daudzveid\u012bbas aizsardz\u012bbas sist\u0113ma Latvij\u0101<br \/>\n1.5. Dabas aizsardz\u012bba un tautsaimniec\u012bba<br \/>\n1.6.\u202f\u202fPraktiskas r\u012bc\u012bbas dabas daudzveid\u012bbas saglab\u0101\u0161anai<\/p>\n<p>2.\u202f\u202fLatvijas kult\u016brv\u0113sturiskais mantojums un t\u0101 aizsardz\u012bba<\/p>\n<p style=\"padding-left: 25px;\">2.1.\u202f\u202fKult\u016brv\u0113sturiskais mantojums laiku lokos<br \/>\n2.2.\u202f\u202fKult\u016brv\u0113sturisk\u0101 mantojuma aizsardz\u012bbas v\u0113sture Latvij\u0101<br \/>\n2.3.\u202f\u202fKult\u016brv\u0113sturisk\u0101 mantojuma aizsardz\u012bba m\u016bsdienu Latvij\u0101<br \/>\n2.4.\u202f\u202fKult\u016brv\u0113sturisk\u0101 mantojuma izmanto\u0161ana un aizsardz\u012bba<\/p>\n<h3><span style=\"color: #993300;\">X LATVIJAS ILGTSP\u0112J\u012aGA ATT\u012aST\u012aBA<\/span><\/h3>\n<p>1. Ilgtsp\u0113j\u012bgas att\u012bst\u012bbas koncepcija<br \/>\n2. Ilgtsp\u0113j\u012bgas att\u012bst\u012bbas raksturojums<br \/>\n3. Ilgtsp\u0113j\u012bgas att\u012bst\u012bbas pamatprincipi<br \/>\n4. Latvijas att\u012bst\u012bbas pl\u0101no\u0161ana<br \/>\n5. Latvijas att\u012bst\u012bbas ilgtsp\u0113j\u012bba<\/p>\n<p style=\"padding-left: 25px;\">5.1. Tautas att\u012bst\u012bba<br \/>\n5.2. Soci\u0101lekonomisk\u0101 att\u012bst\u012bba<br \/>\n5.3. Vides aizsardz\u012bba<br \/>\n5.4. Latvija 21. gadsimt\u0101<\/p>\n<h3><span style=\"color: #993300;\">LATVIA. LAND, NATURE, PEOPLE, COUNTRY. SUMMARY<\/span><\/h3>\n<h3><span style=\"color: #993300;\">SA\u012aSIN\u0100JUMI<\/span><\/h3>\n<h3><span style=\"color: #993300;\">GLOS\u0100RIJS<\/span><\/h3>\n<h3><span style=\"color: #993300;\">LITERAT\u016aRA<\/span><\/h3>\n<h3><span style=\"color: #993300;\">ATT\u0112LU UN TABULU AVOTI<\/span><\/h3>\n<h3><span style=\"color: #993300;\">PERSONU R\u0100D\u012aT\u0100JS<\/span><\/h3>\n","protected":false},"excerpt":{"rendered":"<p>&nbsp; IEVADS I LATVIJAS TERITORIJA 1. Valsts teritorija 2. Valsts teritori\u0101l\u0101 organiz\u0101cija 2.1. Telpisk\u0101s vien\u012bbas un to loma 2.2. Administrat\u012bv\u0101 sist\u0113ma 2.3. Latvijas teritorijas 3. Valsts administrat\u012bvi teritori\u0101l\u0101 iedal\u012bjuma v\u0113sture 4. Latvijas administrat\u012bv\u0101s p\u0101rvald\u012bbas teritorijas p\u0113c neatkar\u012bbas atjauno\u0161anas 5. P\u0101rvaldes un att\u012bst\u012bbas teritorijas 5.1. Pl\u0101no\u0161anas re\u0123ionu teritorijas 5.2. Statistikas re\u0123ioni 5.3. Administrat\u012bv\u0101 statusa noteiktie re\u0123ioni <a href=\"https:\/\/zemedabatauta.lu.lv\/index.php\/saturs\/\" rel=\"nofollow\"><span class=\"sr-only\">Read more about Saturs<\/span>[&hellip;]<\/a><\/p>\n","protected":false},"author":1,"featured_media":0,"parent":0,"menu_order":0,"comment_status":"closed","ping_status":"closed","template":"","meta":{"footnotes":""},"_links":{"self":[{"href":"https:\/\/zemedabatauta.lu.lv\/index.php\/wp-json\/wp\/v2\/pages\/75"}],"collection":[{"href":"https:\/\/zemedabatauta.lu.lv\/index.php\/wp-json\/wp\/v2\/pages"}],"about":[{"href":"https:\/\/zemedabatauta.lu.lv\/index.php\/wp-json\/wp\/v2\/types\/page"}],"author":[{"embeddable":true,"href":"https:\/\/zemedabatauta.lu.lv\/index.php\/wp-json\/wp\/v2\/users\/1"}],"replies":[{"embeddable":true,"href":"https:\/\/zemedabatauta.lu.lv\/index.php\/wp-json\/wp\/v2\/comments?post=75"}],"version-history":[{"count":18,"href":"https:\/\/zemedabatauta.lu.lv\/index.php\/wp-json\/wp\/v2\/pages\/75\/revisions"}],"predecessor-version":[{"id":280,"href":"https:\/\/zemedabatauta.lu.lv\/index.php\/wp-json\/wp\/v2\/pages\/75\/revisions\/280"}],"wp:attachment":[{"href":"https:\/\/zemedabatauta.lu.lv\/index.php\/wp-json\/wp\/v2\/media?parent=75"}],"curies":[{"name":"wp","href":"https:\/\/api.w.org\/{rel}","templated":true}]}}